33?
120340
In base 6, what is 41 - -35?
120
In base 7, what is -1636 - 1?
-1640
In base 7, what is -1043 - 1?
-1044
In base 14, what is 5 - 7c?
-77
In base 7, what is 61 + 323?
414
In base 3, what is -21011 + 1000?
-20011
In base 2, what is -11 - -1001000?
1000101
In base 14, what is -db + 3?
-d8
In base 8, what is 4 - 1001?
-775
In base 5, what is 4 + 12?
21
In base 8, what is 1427 + -5?
1422
In base 2, what is -1 - -111100110?
111100101
In base 5, what is 4 + -322?
-313
In base 9, what is 3 - -6521?
6524
In base 14, what is 0 - 1d75?
-1d75
In base 3, what is 1011022 - -11?
1011110
In base 11, what is 2 + 11a0?
11a2
In base 7, what is 654 + 1?
655
In base 16, what is -4 + -c9?
-cd
In base 13, what is 1 - 40?
-3c
In base 12, what is 56 - -6?
60
In base 4, what is 13013 + -120?
12233
In base 6, what is 301 - 11?
250
In base 10, what is -6 - -248?
242
In base 5, what is -32 - -21000?
20413
In base 12, what is 48 + -96?
-4a
In base 15, what is -5 + -63?
-68
In base 9, what is -5 - -22?
16
In base 6, what is -34 + 10?
-24
In base 13, what is -5 - a9b?
-aa3
In base 8, what is 142 + -4?
136
In base 14, what is 2 + -a8?
-a6
In base 7, what is -35 - -2?
-33
In base 3, what is -1200 - -100?
-1100
In base 4, what is -1023 - -3?
-1020
In base 11, what is -9 + -a9?
-107
In base 4, what is 3 + 1003?
1012
In base 2, what is 10000101 + 11?
10001000
In base 2, what is 1111100100 + 11?
1111100111
In base 7, what is 1022 - 1?
1021
In base 12, what is 1 - 4681?
-4680
In base 7, what is 11 - 2042?
-2031
In base 14, what is 38 + -69?
-31
In base 5, what is -2 + -144?
-201
In base 3, what is -1 - -1222112?
1222111
In base 5, what is -1123420 + 0?
-1123420
In base 9, what is 14 - -332?
346
In base 9, what is 8 - 180?
-171
In base 8, what is 127 + 10?
137
In base 16, what is d + -8?
5
In base 9, what is -664 - -2?
-662
In base 12, what is -1 + 2?
1
In base 3, what is -111 - -1?
-110
In base 10, what is -277 + -10?
-287
In base 14, what is -28 + -1?
-29
In base 5, what is 3 - 141?
-133
In base 11, what is -21a - 5?
-224
In base 6, what is 401 - 3?
354
In base 10, what is -4 + -51?
-55
In base 11, what is 53a8 - 1?
53a7
In base 14, what is 16a + -3?
167
In base 14, what is 0 + -14?
-14
In base 7, what is -525 - -2?
-523
In base 4, what is -11 - 1003?
-1020
In base 7, what is 130 + 3?
133
In base 10, what is 307 - 2?
305
In base 15, what is 18de - 5?
18d9
In base 15, what is 804 - -c?
811
In base 10, what is 1 - 101?
-100
In base 14, what is 5d8 - 0?
5d8
In base 8, what is 142 - -54?
216
In base 16, what is 22 + 2?
24
In base 13, what is a + -2?
8
In base 2, what is 100001001 - -1110?
100010111
In base 6, what is -3 - -25213?
25210
In base 12, what is 0 + 4?
4
In base 12, what is -58a + -2a?
-5b8
In base 4, what is 0 - 1103221?
-1103221
In base 14, what is c - 20b?
-1dd
In base 5, what is 221 - 123?
43
In base 5, what is -1402 + 1?
-1401
In base 15, what is 0 - -96?
96
In base 12, what is -1 - 1b?
-20
In base 15, what is -4 - 29?
-2d
In base 14, what is a2 - 2?
a0
In base 12, what is -90 - -3?
-89
In base 9, what is -74 + 2?
-72
In base 15, what is -2b4 - 1?
-2b5
In base 11, what is -2 - 25?
-27
In base 5, what is 1 + -30?
-24
In base 15, what is -4 + -39?
-3d
In base 11, what is 3a3 - 3?
3a0
In base 14, what is 4 - -31?
35
In base 6, what is 5 + -2213?
-2204
In base 2, what is 11100001110 + -1?
11100001101
In base 16, what is -1 + -ee?
-ef
In base 6, what is 4 + -102040?
-102032
In base 15, what is -3 - -26?
23
In base 15, what is -8 - -4d?
45
In base 10, what is -4013 + -4?
-4017
In base 2, what is -10001 + -110101?
-1000110
In base 4, what is 3333 + 20?
10013
In base 14, what is -2b2 - 2?
-2b4
In base 14, what is 3 + 64?
67
In base 10, what is 41 + -11?
30
In base 7, what is 405 - 25?
350
In base 14, what is 0 + 2d?
2d
In base 6, what is 2 + 51354?
51400
In base 13, what is 593 + 1?
594
In base 12, what is 2 - b2?
-b0
In base 3, what is 2100 + 12100?
21200
In base 2, what is -100100 - 101010?
-1001110
In base 7, what is 6 - -263?
302
In base 4, what is -32031 + 1?
-32030
In base 10, what is -340 + -4?
-344
In base 4, what is 1 + 102110?
102111
In base 15, what is 93 + 5?
98
In base 9, what is -162 - 10?
-172
In base 11, what is 4 - 46?
-42
In base 12, what is 5 + 16a?
173
In base 6, what is -212 + 2?
-210
In base 4, what is -202 - 3?
-211
In base 11, what is -1 + -23?
-24
In base 5, what is 0 - 240?
-240
In base 13, what is -1 - 44?
-45
In base 7, what is 311 - 1?
310
In base 11, what is -818 + -2?
-81a
In base 12, what is 139 - 6?
133
In base 15, what is -251 + 4?
-24c
In base 10, what is 12 - 39?
-27
In base 4, what is -201 - -22?
-113
In base 3, what is -2102 - 220?
-10022
In base 5, what is -22401 + 10?
-22341
In base 16, what is -2 - -30?
2e
In base 11, what is -1a + 4?
-16
In base 15, what is -55 + 7?
-4d
In base 15, what is 1 - 107?
-106
In base 9, what is -2 - 366?
-368
In base 3, what is 20000 - 2?
12221
In base 12, what is -4 + 12?
a
In base 6, what is 3 - -35?
42
In base 10, what is 4313 - -3?
4316
In base 12, what is -1 - 400?
-401
In base 9, what is 63 + 22?
85
In base 3, what is 12 + 220?
1002
In base 6, what is 3 + -120?
-113
In base 15, what is 51 - -4?
55
In base 15, what is 0 + dd?
dd
In base 13, what is 9 + -1?
8
In base 16, what is 4 - -2?
6
In base 8, what is 0 - -1001?
1001
In base 9, what is 182 + 1?
183
In base 4, what is 3 + -10?
-1
In base 9, what is -53 - -1?
-52
In base 14, what is 5 - -24?
29
In base 14, what is 0 + -84d?
-84d
In base 14, what is c + -1c?
-10
In base 9, what is 17 - 100?
-72
In base 8, what is 2 - -600?
602
In base 13, what is 1529 + -2?
1527
In base 8, what is 0 - -53?
53
In base 8, what is 21761 + 1?
21762
In base 9, what is 61 - -6?
67
In base 3, what is 1 + -2?
-1
In base 4, what is 2 + -200121?
-200113
In base 11, what is -135a - 1?
-1360
In base 14, what is 18 + 2?
1a
In base 14, what is 7 + cc?
d5
In base 9, what is -2 + 23?
21
In base 5, what is 103301 + 0?
103301
In base 6, what is 4 - -101212?
101220
In base 5, what is 2 - -3213?
3220
In base 11, what is 0 + -31?
-31
In base 15, what is 11 - 77?
-66
In base 8, what is 14 - -30?
44
In base 8, what is 402 + -57?
323
In base 6, what is -5 + -513?
-522
In base 15, what is 80a - -1?
80b
In base 12, what is 5b72 + 1?
5b73
In base 5, what is 131 - -3?
134
In base 16, what is 3 + -1554?
-1551
In base 2, what is 101 + 11111100?
100000001
In base 9, what is -3 - -40?
36
In base 15, what is -1 + 6d8?
6d7
In base 8, what is -2 + -20345?
-20347
In base 14, what is c + b?
19
In base 12, what is 2153 - 2?
2151
In base 5, what is -3 + -200?
-203
In base 15, what is 1b5 + -3?
1b2
In base 10, what is -1 - 23?
-24
In base 14, what is 10 + 73?
83
In base 10, what is -5 + 7?
2
In base 13, what is -a - -5?
-5
In base 8, what is 25 - -3?
30
In base 12, what is 38 + 0?
38
In base 14, what is -2679 + 0?
-2679
In base 16, what is 0 + 21?
21
In base 7, what is -5 - -12243?
12235
In base 12, what is -4 + 49?
45
In base 5, what is 42123 - -1?
42124
In base 2, what is -110000000 - -1?
-101111111
In base 7, what is -4 - 1235?
-1242
In base 14, what is 1077 - -a?
1083
In base 13, what is -20 - 51?
-71
In base 2, what is 10010000001 - -110?
10010000111
In base 15, what is 1 - -1a?
1b
In base 4, what is -3 - -3021?
3012
In base 13, what is 2a - -107?
134
In base 10, what is -22 - -25?
3
In base 12, what is 3 + -3?
0
In base 11, what is 154 - -2?
156
In base 8, what is -1 + 204?
203
In base 6, what is 12 - 2440?
-2424
In base 10, what is 1 - -4653?
4654
In base 6, what is -51 + -5?
-100
In base 4, what is -3202 - 31?
-3233
In base 9, what is 3 - -52?
55
In base 11, what is 1039 + 2?
1040
In base 11, what is 1168 + -1?
1167
In base 16, what is 14 + -17?
-3
In base 11, what is 1 + 388?
389
In base 15, what is -79 + 3?
-76
In base 13, what is -2 - 144?
-146
In base 7, what is -2 - -52?
50
In base 6, what is 1101 + -1?
1100
In base 9, what is 5 - -336?
342
In base 10, what is 988 - -7?
995
In base 14, what is -5 + -aca?
-ad1
In base 15, what is 1 + 14?
15
In base 4, what is -1 + 132223?
132222
In base 4, what is 12 + -33?
-21
In base 5, what is 1114 - 10?
1104
In base 10, what is 35 - -4?
39
In base 12, what is -606 - 5?
-60b
In base 16, what is -2a - -2?
-28
In base 8, what is -2 - -111?
107
In